w) = -w**2 - 10*w - 14. Suppose n + 4*p - 2 = 0, -13 = -2*n - n - 5*p. Suppose -n*j + 223 = 7. What is the remainder when j is divided by u(-6)?
6
Suppose -30*u - 8 + 308 = 0. Suppose -i + 3*h + 13 + u = 0, -3*i + h + 29 = 0. Let l(d) = 3*d + 1. What is the remainder when l(6) is divided by i?
3
Let t = -17969 + 18081. What is the remainder when 332 is divided by t?
108
What is the remainder when (-90)/(-11) - (-12)/(-66) - (-259 - -17) is divided by 82?
4
Suppose -c - 50 + 80 = 0. What is the remainder when 35 is divided by -76*(-4 + c/8)?
16
Let o = 227 - 224. Suppose -q - 4*x = -28, 99 = o*q - 6*x + 3*x. What is the remainder when 62 is divided by q?
30
Let n(g) = g**3 + 33*g**2 - 109*g + 10. Calculate the remainder when 250 is divided by n(-36).
20
Let u(o) = -3*o**2 - 63*o + 20. Let x be (-17 + -1)*((-3 - -5) + -6). Suppose 20*v - x = 18*v. Calculate the remainder when v is divided by u(-21).
16
Suppose 378*k - 99*k - 2511 = 0. Calculate the remainder when 50 is divided by k.
5
Let v(i) = i**2. Let p(u) = 9*u**2 + 15*u + 7. Let f(k) = p(k) - 6*v(k). Let h = 13740 + -13687. What is the remainder when f(-10) is divided by h?
51
Let k(c) = c**3 - 8*c**2 - 18*c - 10. Suppose -2*w - 4*g = -36, -3*g = 2*w - 25 - 8. Let u be 4/(w/30*1). What is the remainder when 118 is divided by k(u)?
8
Let p be (-4)/(-24)*-3*-88. Suppose -4*n + 519 = -89. What is the remainder when n is divided by ((-341)/p)/(2/(-8))?
28
Let k(h) = 9*h**2 - h - 2. Let q(l) = 17 + 8*l + 2*l**3 - 12 + 0 + 16*l**2 - 2*l. Calculate the remainder when q(-7) is divided by k(2).
29
Let m(q) = -2*q**3 + 39*q**2 - 19*q + 11. What is the remainder when 6003 is divided by m(19)?
8
Let b(k) = 4*k**2 - k - 17. Let u be b(11). Suppose 23*i - 31*i = -u. Suppose -i + 6 = -3*x. Calculate the remainder when 24 is divided by x.
7
Let z(c) = 41*c**2 - 15*c - 165. Calculate the remainder when z(-7) is divided by 30.
29
Suppose 1159*p = 635*p + 635*p - 7548. Calculate the remainder when p is divided by 1*(-1 - 0)*-19.
11
Suppose 4*u - 5*v - 47 = 0, 50 = -4*u - 3*v + 137. Calculate the remainder when 950 is divided by u.
14
What is the remainder when 2340 is divided by -16 + (-9824)/(-80) + 2/10?
93
What is the remainder when -11 + 17 + (3 - -390) is divided by 3?
0
Suppose 0 = t - 5, 0 = -5*w - 0*t + 3*t + 80. Suppose 0 = 2*z + 10, -4*z = -i + 4*i - 10. Calculate the remainder when w is divided by i.
9
Suppose v - 5*v = -20. Let a(c) = 3*c**2 + 24*c - 292. Calculate the remainder when a(7) is divided by v.
3
Suppose p = -4*a - 0*a + 569, -5*p + 6*a = -2689. Calculate the remainder when p is divided by 11.
6
Let w = 464 + -461. Suppose w*y - 7 = 17. Calculate the remainder when 62 is divided by y.
6
Let v = -703 + 1096. What is the remainder when 3558 is divided by v?
21
Suppose 3*a = -h - 3*h - 7, a + h + 1 = 0. Suppose 810 = v - 2*d, 2*d - 5*d - 2433 = -a*v. What is the remainder when v is divided by 37?
35
Suppose 0 = 13*x + 3366 + 3537. Let s = x - -614. What is the remainder when s is divided by 14?
13
Let x(o) = 3*o + 8. Let v be x(0). Suppose -v = 20*q - 24*q. Suppose -61 = -5*w - s, -5*w + q*s = -2*s - 56. Calculate the remainder when 58 is divided by w.
10
Let q(o) = o**3 + 16*o**2 + 12*o - 20. Suppose 0 = 2*a + 2*l - 28, 40*l + 25 = 5*a + 36*l. Calculate the remainder when q(-14) is divided by a.
6
Let w = 103 + -98. Suppose -3*o - 28 = -w*v, 3*v + 0*o - o - 20 = 0. Let a(n) = n**3 - 6*n**2 + 4*n + 11. Calculate the remainder when a(v) is divided by 29.
26
Let o(h) = 17*h**2 + 22*h + 159. What is the remainder when o(11) is divided by 490?
8
Suppose -1097*q + 2193*q = 1101*q - 170. Calculate the remainder when 10641 is divided by q.
33
Calculate the remainder when 180 is divided by 174 - (-104 - -105)/((-1)/2 + 1).
8
Let a = -39 + 63. Let z be (1*-3)/(a/(-616)). Suppose 0 = 3*i - 10*i + z. What is the remainder when i is divided by 2?
1
Let r = -290 + 299. Let y(u) = 3*u. What is the remainder when 157 is divided by y(r)?
22
Let p = 13 - -39. Let u = p - 44. Let d = -8 + 29. Calculate the remainder when d is divided by u.
5
Suppose d = -5*u + 86, 3*d + 5*u + 5 - 223 = 0. Let c = -97 + d. Let f = c + 52. What is the remainder when 37 is divided by f?
16
Suppose -3*o - 4*q + 529 = 0, -51*q - 2 = -53*q. Calculate the remainder when o is divided by 69.
37
Let o be ((-1)/(-7))/((-13)/(-91)). Let a(h) = o - 7*h + 4*h + 11. What is the remainder when a(-5) is divided by 15?
12
Let r(a) = 30*a + 1147. What is the remainder when 329 is divided by r(-37)?
33
Let g(o) = -38*o - 67. Let y be g(-2). Suppose -y = 232*n - 233*n. Calculate the remainder when 295 is divided by n.
7
Let g(k) = -2*k - 15. Let z(n) = n**3 - 3*n**2 - 33*n + 113. What is the remainder when z(6) is divided by g(-11)?
2
Let r be (0 + 324)*13/52. Suppose -5*z = -4*y + 324, -3*y + 4*z + r = -2*y. What is the remainder when y is divided by 44?
37
Let t be 2208/(-24) + -1 + 4. What is the remainder when t*(-1 + 6 + -6) is divided by 31?
27
Let i(j) = -j**3 + 3*j**2 + j - 2. Let m be i(2). What is the remainder when 60 is divided by ((2 - -2) + -1)*(7 - m)?
6
Suppose -5*g + 651 = c + 456, -2*g = -2*c + 426. Calculate the remainder when 1034 is divided by c.
194
Let l = -175 + 187. Suppose l - 24 = -3*k. Calculate the remainder when 67 is divided by k.
3
Let q(y) = y**2 - y - 14. Let p(o) = -88*o + 1127. What is the remainder when p(9) is divided by q(7)?
27
Suppose 633 = -3*r + 2*a, 3*a = -2*a - 15. Let p = -11 + 104. What is the remainder when p is divided by r/(-9) - 1/(-3)?
21
Suppose 10*d + 57 = 3*n + 12*d, 0 = -3*n + d + 66. What is the remainder when 323 is divided by n?
8
Let y = -9 + 15. Suppose i - 3*i - t + 147 = 0, -5*i + 3*t = -384. Calculate the remainder when i is divided by 1*y/(-9)*-39.
23
Let v(u) = 2 + 24*u**2 - 18*u**2 + 5*u + 2. What is the remainder when 28 is divided by v(-2)?
10
Let l(y) = -36*y + 2. Let r be l(-1). Suppose -r + 14 = -3*j. Let f = 38 + -15. Calculate the remainder when f is divided by j.
7
Suppose 0 = 6*y - 102 - 948. Let m = y - 148. Let v(d) = 5*d + 6. Calculate the remainder when v(9) is divided by m.
24
What is the remainder when 146/(-2774) - (-18963)/19 is divided by 37?
36
Suppose 4*i + 4*h + 12 = 0, 3*i - 2*h - 6 - 5 = 0. What is the remainder when 216 is divided by 770/10 + -3*i?
68
Let o(b) = b**2 + 7*b - 2. Suppose -2*q + 4 = -6*q. Let c be (-5 - q)*(-9)/12. What is the remainder when 166 is divided by o(c)?
26
Let y(j) = 36*j**2 + 44*j + 104. Calculate the remainder when y(-4) is divided by ((-52)/(-6))/(2/9).
36
Suppose -25 = 7*p - 2*p, -3*l + 2*p + 73 = 0. Let t(o) = 60*o**2 + 3*o + 3. Suppose 4*g + 6 - 2 = 0. Calculate the remainder when t(g) is divided by l.
18
Let p be 5/(-3) + 2790/54. Let c = -20 + p. Calculate the remainder when -14*6*-1 - -2 is divided by c.
26
Suppose f - 600 = 5*f. Let k be (21 - -1)*f/20*-1. Suppose -12*o = -k - 303. What is the remainder when o is divided by 12?
3
Let s(u) = 2*u + 3. Let j be s(-6). Let z be 40*(j/2 - -2). Let v = z - -141. What is the remainder when v is divided by 22?
19
Suppose 9*b + 0*b = 2*d - 94, 2*b = 2*d - 66. Suppose -5*m + 8 + 17 = 0. Calculate the remainder when d is divided by m.
4
Suppose -c = 8*c. Let z(t) = 22*t + 16. Suppose 3*q - 174 - 15 = 0. Calculate the remainder when q is divided by z(c).
15
What is the remainder when 29987 is divided by (28/(-8) + 4)/(10/720)?
35
Suppose -2*w - 342 = -5*w. Let y(o) = -o**3 + 4*o**2 + 4*o - 6. Let s be y(4). Suppose 4*x - w = s. Calculate the remainder when 59 is divided by x.
28
Let g = 252 - 249. Suppose -4*s - g = -263. What is the remainder when s is divided by 37?
28
Let v = 3398 - 2987. What is the remainder when v is divided by 27?
6
Let x(h) = h**2 + 11*h - 26. Let z be x(-10). Let b be -1 + ((-3428)/z - 4/18). Let w = -78 + b. Calculate the remainder when 74 is divided by w.
10
Let i = 19590 + -18111. Calculate the remainder when i is divided by 25.
4
Suppose -2*q = 19*b - 16*b - 206, -3*b - 5*q = -227. Calculate the remainder when 564 is divided by b.
52
Suppose 393 = 5*q - 4*u - 271, 0 = -2*q - 4*u + 288. Let v(i) = 2*i**3 + 77*i**2 + 40*i + 107. What is the remainder when q is divided by v(-38)?
12
Let s = 12 + -10. Suppose -76 = -4*z + s*r, -z + 5*z + r = 64. Supp